hat is the tens digit of 350091666?
6
What is the units digit of 988018?
8
What is the thousands digit of 110119551?
9
What is the millions digit of 5197838005?
7
What is the units digit of 10397987?
7
What is the millions digit of 34460852?
4
What is the ten millions digit of 7897236973?
9
What is the hundreds digit of 4159440?
4
What is the units digit of 1777380300?
0
What is the ten thousands digit of 4131928148?
2
What is the hundred thousands digit of 3923914148?
9
What is the hundred millions digit of 405094495?
4
What is the hundreds digit of 76853692?
6
What is the thousands digit of 803073012?
3
What is the tens digit of 37033881?
8
What is the ten millions digit of 53518886?
5
What is the ten millions digit of 65301341?
6
What is the ten millions digit of 1661089059?
6
What is the ten millions digit of 397802456?
9
What is the hundred thousands digit of 89075782?
0
What is the hundreds digit of 629208274?
2
What is the ten millions digit of 102269650?
0
What is the hundred millions digit of 752354294?
7
What is the hundred thousands digit of 453564854?
5
What is the ten thousands digit of 178336129?
3
What is the units digit of 8355960128?
8
What is the hundreds digit of 8780428?
4
What is the hundreds digit of 1390364263?
2
What is the thousands digit of 26083067?
3
What is the thousands digit of 233554587?
4
What is the thousands digit of 488672981?
2
What is the hundreds digit of 5285579625?
6
What is the ten millions digit of 530130008?
3
What is the hundreds digit of 4647862?
8
What is the thousands digit of 162734480?
4
What is the hundred thousands digit of 54064610?
0
What is the hundred millions digit of 947272585?
9
What is the tens digit of 2919990219?
1
What is the millions digit of 462783511?
2
What is the ten millions digit of 40910407?
4
What is the hundreds digit of 5458473588?
5
What is the hundred thousands digit of 677554828?
5
What is the millions digit of 155710001?
5
What is the millions digit of 83499305?
3
What is the hundred millions digit of 2005133080?
0
What is the thousands digit of 38772398?
2
What is the billions digit of 3819948292?
3
What is the millions digit of 1592397?
1
What is the units digit of 99683658?
8
What is the thousands digit of 16828335?
8
What is the millions digit of 219409161?
9
What is the ten thousands digit of 631333532?
3
What is the units digit of 158587671?
1
What is the tens digit of 31586032?
3
What is the hundred thousands digit of 176254046?
2
What is the hundred millions digit of 535328050?
5
What is the ten thousands digit of 353344305?
4
What is the hundred millions digit of 270509497?
2
What is the ten thousands digit of 978372444?
7
What is the tens digit of 242272550?
5
What is the hundreds digit of 243114980?
9
What is the hundred millions digit of 346200369?
3
What is the hundred thousands digit of 18184234?
1
What is the tens digit of 343702718?
1
What is the units digit of 2942711182?
2
What is the millions digit of 28243083?
8
What is the ten millions digit of 243277475?
4
What is the hundreds digit of 47893654?
6
What is the millions digit of 5601715934?
1
What is the hundreds digit of 318672348?
3
What is the hundred millions digit of 125554382?
1
What is the thousands digit of 10639516?
9
What is the units digit of 1370114669?
9
What is the hundred millions digit of 615787597?
6
What is the ten thousands digit of 97254329?
5
What is the hundred thousands digit of 6469676001?
6
What is the tens digit of 3929037149?
4
What is the units digit of 127099308?
8
What is the ten thousands digit of 539994657?
9
What is the hundred thousands digit of 939936508?
9
What is the hundred thousands digit of 63761809?
7
What is the hundred thousands digit of 56848071?
8
What is the tens digit of 3840635371?
7
What is the billions digit of 2332291450?
2
What is the millions digit of 2187488448?
7
What is the hundred thousands digit of 927289389?
2
What is the ten thousands digit of 354878553?
7
What is the millions digit of 3045092854?
5
What is the millions digit of 2292359636?
2
What is the millions digit of 301893703?
1
What is the hundred thousands digit of 292144067?
1
What is the units digit of 472980806?
6
What is the ten thousands digit of 22037128?
3
What is the millions digit of 65872326?
5
What is the millions digit of 1115123400?
5
What is the ten thousands digit of 4616350?
1
What is the tens digit of 501820776?
7
What is the billions digit of 3654191482?
3
What is the units digit of 1951624222?
2
What is the thousands digit of 1608706573?
6
What is the tens digit of 305062348?
4
What is the units digit of 196289461?
1
What is the units digit of 41993382?
2
What is the ten thousands digit of 13183734?
8
What is the hundred millions digit of 282015468?
2
What is the hundred thousands digit of 256748559?
7
What is the hundred thousands digit of 128306861?
3
What is the billions digit of 2664242157?
2
What is the billions digit of 1515049158?
1
What is the billions digit of 2194652376?
2
What is the hundred thousands digit of 203343225?
3
What is the millions digit of 288279572?
8
What is the thousands digit of 71125972?
5
What is the units digit of 92658417?
7
What is the hundred millions digit of 201190347?
2
What is the millions digit of 631808750?
1
What is the thousands digit of 356221342?
1
What is the ten thousands digit of 94107176?
0
What is the hundred thousands digit of 408754248?
7
What is the hundreds digit of 20248952?
9
What is the hundreds digit of 43056670?
6
What is the hundreds digit of 79334158?
1
What is the ten millions digit of 365005527?
6
What is the hundred millions digit of 355143880?
3
What is the ten millions digit of 1480534819?
8
What is the hundred thousands digit of 97902343?
9
What is the hundreds digit of 3889597196?
1
What is the units digit of 275837795?
5
What is the thousands digit of 288008298?
8
What is the ten millions digit of 441824546?
4
What is the hundred thousands digit of 19067848?
0
What is the hundred thousands digit of 247955597?
9
What is the hundreds digit of 139664069?
0
What is the thousands digit of 340169279?
9
What is the units digit of 1198594725?
5
What is the ten millions digit of 75902148?
7
What is the tens digit of 28535335?
3
What is the units digit of 21936275?
5
What is the ten thousands digit of 228995921?
9
What is the tens digit of 1003158298?
9
What is the hundred thousands digit of 2550865583?
8
What is the ten millions digit of 2700987711?
0
What is the hundred thousands digit of 42988624?
9
What is the hundred thousands digit of 429846720?
8
What is the hundred thousands digit of 3932785836?
7
What is the hundreds digit of 79068862?
8
What is the ten millions digit of 21224066?
2
What is the hundred thousands digit of 83579360?
5
What is the thousands digit of 61822254?
2
What is the hundred thousands digit of 6296300805?
3
What is the hundreds digit of 104940270?
2
What is the units digit of 854326907?
7
What is the tens digit of 852607316?
1
What is the hundred thousands digit of 194709886?
7
What is the tens digit of 1026754209?
0
What is the thousands digit of 49629157?
9
What is the units digit of 22640775?
5
What is the hundreds digit of 324661744?
7
What is the tens digit of 56846957?
5
What is the hundreds digit of 296573069?
0
What is the tens digit of 1625159027?
2
What is the millions digit of 436577809?
6
What is the ten millions digit of 168026910?
6
What is the ten millions digit of 445532316?
4
What is the ten millions digit of 298721879?
9
What is the units digit of 92456230?
0
What is the thousands digit of 37112436?
2
What is the ten thousands digit of 9618805?
1
What is the ten millions digit of 121660403?
2
What is the ten thousands digit of 205301312?
0
What is the millions digit of 819168120?
9
What is the ten thousands digit of 179720004?
2
What is the ten thousands digit of 1828313360?
1
What is the ten thousands digit of 94271990?
7
What is the hundreds digit of 54031007?
0
What is the ten thousands digit of 1510258151?
5
What is the hundreds digit of 75678475?
4
What is the units digit of 31787014?
4
What is the hundred thousands digit of 304961125?
9
What is the ten thousands digit of 2630645135?
4
What is the thousands digit of 4568005?
8
What is the thousands 